{"id":10,"date":"2025-10-16T15:40:57","date_gmt":"2025-10-16T13:40:57","guid":{"rendered":"https:\/\/benitaschakau.de\/?page_id=10"},"modified":"2026-03-26T13:06:19","modified_gmt":"2026-03-26T12:06:19","slug":"about-us","status":"publish","type":"page","link":"https:\/\/benitaschakau.de\/?page_id=10","title":{"rendered":"\u00dcber mich"},"content":{"rendered":"\n<div class=\"wp-block-group is-nowrap is-layout-flex wp-container-core-group-is-layout-ad2f72ca wp-block-group-is-layout-flex\">\n<figure class=\"wp-block-image size-full wp-container-content-9cfa9a5a\"><img loading=\"lazy\" decoding=\"async\" width=\"235\" height=\"314\" src=\"https:\/\/benitaschakau.de\/wp-content\/uploads\/2026\/03\/Bild3.jpg\" alt=\"\" class=\"wp-image-175\" srcset=\"https:\/\/benitaschakau.de\/wp-content\/uploads\/2026\/03\/Bild3.jpg 235w, https:\/\/benitaschakau.de\/wp-content\/uploads\/2026\/03\/Bild3-225x300.jpg 225w\" sizes=\"auto, (max-width: 235px) 100vw, 235px\" \/><\/figure>\n\n\n\n<div class=\"wp-block-group is-vertical is-layout-flex wp-container-core-group-is-layout-8cf370e7 wp-block-group-is-layout-flex\">\n<p><strong>Profession:<\/strong><\/p>\n\n\n\n<p>Erzieherin, Heilp\u00e4dagogin B. A.<\/p>\n\n\n\n<p>Systemische Beraterin und Therapeutin<\/p>\n\n\n\n<p>Spieltherapeutin<\/p>\n\n\n\n<p><strong>Erfahrung:&nbsp;<\/strong><\/p>\n\n\n\n<p>20 Jahre Kitaarbeit und Elternarbeit<\/p>\n\n\n\n<p>10 Jahre Fr\u00fchf\u00f6rderung<strong> <\/strong>und Elternberatung und aufsuchende Arbeit<\/p>\n\n\n\n<p><\/p>\n\n\n\n<p>2 Jahre aufsuchende Familienhilfe<\/p>\n\n\n\n<p><strong>Pers\u00f6nlich:<\/strong><\/p>\n\n\n\n<p>Mutter und Oma zweier Kinder und Enkelkinder<\/p>\n\n\n\n<p>Hochsensibel, Kreativ, Harmonieliebend, Empathisch<\/p>\n\n\n\n<p>Verheiratet<\/p>\n\n\n\n<p><\/p>\n\n\n\n<p>Expertin f\u00fcr alle Themen, die eine Familie betreffen<\/p>\n<\/div>\n<\/div>\n","protected":false},"excerpt":{"rendered":"<p>Profession: Erzieherin, Heilp\u00e4dagogin B. A. Systemische Beraterin und Therapeutin Spieltherapeutin Erfahrung:&nbsp; 20 Jahre Kitaarbeit und Elternarbeit 10 Jahre Fr\u00fchf\u00f6rderung und Elternberatung und aufsuchende Arbeit 2 Jahre aufsuchende Familienhilfe Pers\u00f6nlich: Mutter und Oma zweier Kinder und Enkelkinder Hochsensibel, Kreativ, Harmonieliebend, Empathisch Verheiratet Expertin f\u00fcr alle Themen, die eine Familie betreffen<\/p>\n","protected":false},"author":1,"featured_media":166,"parent":0,"menu_order":0,"comment_status":"closed","ping_status":"closed","template":"page-template\/about.php","meta":{"footnotes":""},"class_list":["post-10","page","type-page","status-publish","has-post-thumbnail","hentry"],"_links":{"self":[{"href":"https:\/\/benitaschakau.de\/index.php?rest_route=\/wp\/v2\/pages\/10","targetHints":{"allow":["GET"]}}],"collection":[{"href":"https:\/\/benitaschakau.de\/index.php?rest_route=\/wp\/v2\/pages"}],"about":[{"href":"https:\/\/benitaschakau.de\/index.php?rest_route=\/wp\/v2\/types\/page"}],"author":[{"embeddable":true,"href":"https:\/\/benitaschakau.de\/index.php?rest_route=\/wp\/v2\/users\/1"}],"replies":[{"embeddable":true,"href":"https:\/\/benitaschakau.de\/index.php?rest_route=%2Fwp%2Fv2%2Fcomments&post=10"}],"version-history":[{"count":4,"href":"https:\/\/benitaschakau.de\/index.php?rest_route=\/wp\/v2\/pages\/10\/revisions"}],"predecessor-version":[{"id":176,"href":"https:\/\/benitaschakau.de\/index.php?rest_route=\/wp\/v2\/pages\/10\/revisions\/176"}],"wp:featuredmedia":[{"embeddable":true,"href":"https:\/\/benitaschakau.de\/index.php?rest_route=\/wp\/v2\/media\/166"}],"wp:attachment":[{"href":"https:\/\/benitaschakau.de\/index.php?rest_route=%2Fwp%2Fv2%2Fmedia&parent=10"}],"curies":[{"name":"wp","href":"https:\/\/api.w.org\/{rel}","templated":true}]}}