{"id":12,"date":"2025-10-16T15:40:57","date_gmt":"2025-10-16T13:40:57","guid":{"rendered":"https:\/\/benitaschakau.de\/?page_id=12"},"modified":"2026-03-26T12:53:00","modified_gmt":"2026-03-26T11:53:00","slug":"pages","status":"publish","type":"page","link":"https:\/\/benitaschakau.de\/?page_id=12","title":{"rendered":"Kosten"},"content":{"rendered":"\n<p><strong>Kosten:<\/strong><\/p>\n\n\n\n<p>Meine Praxis ist eine Privatpraxis. Ich rechne nicht mit den Krankenkassen oder dem Landschaftsverband ab.<\/p>\n\n\n\n<ul class=\"wp-block-list\">\n<li>Kennenlerngespr\u00e4ch (online): Dauer, 30 min-kostenlos<\/li>\n<\/ul>\n\n\n\n<p>Die folgenden Preise gelten f\u00fcr 60 min:<\/p>\n\n\n\n<ul class=\"wp-block-list\">\n<li>Erstgespr\u00e4ch: 50,00 Euro<\/li>\n<\/ul>\n\n\n\n<ul class=\"wp-block-list\">\n<li>Heilp\u00e4dagogische F\u00f6rderung\/Spieltherapie\/ Elternberatung*: 80,00 Euro<\/li>\n<\/ul>\n\n\n\n<ul class=\"wp-block-list\">\n<li>Systemische Beratung: 80 Euro<\/li>\n<\/ul>\n\n\n\n<p>F\u00fcr Familien mit geringem Einkommen biete ich gesonderte Preise nach Absprache an.<\/p>\n\n\n\n<ul class=\"wp-block-list\">\n<li>Beratung f\u00fcr die Kostenerstattung f\u00fcr Familien ohne Einkommen: 25 Euro<\/li>\n<\/ul>\n\n\n\n<p><strong>Zahlung:<\/strong> Vorkasse<\/p>\n\n\n\n<p><em>*Der Rhythmus der F\u00f6rderung und der Elterngespr\u00e4che wird individuell auf das Kind und die Familie abgestimmt. Ver\u00e4nderungen brauchen Zeit, sich in den Alltag zu integrieren.<\/em><\/p>\n\n\n\n<p><em>Ein Modell k\u00f6nnte so aussehen:<\/em><\/p>\n\n\n\n<p><em>Alle 2 Woche eine heilp\u00e4dagogische Spieltherapie mit dem Kind, dazu 1- mal im Monat Elterngespr\u00e4ch<\/em><\/p>\n\n\n\n<p><\/p>\n","protected":false},"excerpt":{"rendered":"<p>Kosten: Meine Praxis ist eine Privatpraxis. Ich rechne nicht mit den Krankenkassen oder dem Landschaftsverband ab. Die folgenden Preise gelten f\u00fcr 60 min: F\u00fcr Familien mit geringem Einkommen biete ich gesonderte Preise nach Absprache an. Zahlung: Vorkasse *Der Rhythmus der F\u00f6rderung und der Elterngespr\u00e4che wird individuell auf das Kind und die Familie abgestimmt. Ver\u00e4nderungen brauchen &hellip; <\/p>\n","protected":false},"author":1,"featured_media":166,"parent":0,"menu_order":0,"comment_status":"closed","ping_status":"closed","template":"","meta":{"footnotes":""},"class_list":["post-12","page","type-page","status-publish","has-post-thumbnail","hentry"],"_links":{"self":[{"href":"https:\/\/benitaschakau.de\/index.php?rest_route=\/wp\/v2\/pages\/12","targetHints":{"allow":["GET"]}}],"collection":[{"href":"https:\/\/benitaschakau.de\/index.php?rest_route=\/wp\/v2\/pages"}],"about":[{"href":"https:\/\/benitaschakau.de\/index.php?rest_route=\/wp\/v2\/types\/page"}],"author":[{"embeddable":true,"href":"https:\/\/benitaschakau.de\/index.php?rest_route=\/wp\/v2\/users\/1"}],"replies":[{"embeddable":true,"href":"https:\/\/benitaschakau.de\/index.php?rest_route=%2Fwp%2Fv2%2Fcomments&post=12"}],"version-history":[{"count":5,"href":"https:\/\/benitaschakau.de\/index.php?rest_route=\/wp\/v2\/pages\/12\/revisions"}],"predecessor-version":[{"id":96,"href":"https:\/\/benitaschakau.de\/index.php?rest_route=\/wp\/v2\/pages\/12\/revisions\/96"}],"wp:featuredmedia":[{"embeddable":true,"href":"https:\/\/benitaschakau.de\/index.php?rest_route=\/wp\/v2\/media\/166"}],"wp:attachment":[{"href":"https:\/\/benitaschakau.de\/index.php?rest_route=%2Fwp%2Fv2%2Fmedia&parent=12"}],"curies":[{"name":"wp","href":"https:\/\/api.w.org\/{rel}","templated":true}]}}